{"id":182,"date":"2016-11-04T18:44:22","date_gmt":"2016-11-04T18:44:22","guid":{"rendered":"https:\/\/cedar.com.ar\/prueba\/?page_id=182"},"modified":"2017-05-09T03:48:53","modified_gmt":"2017-05-09T03:48:53","slug":"complementos","status":"publish","type":"page","link":"https:\/\/cedar.com.ar\/portugues\/complementos\/","title":{"rendered":"COMPLEMENTOS"},"content":{"rendered":"<section class=\"l-section wpb_row height_medium width_full with_img parallax_ver with_overlay\" id=\"23\"><div class=\"l-section-img\" style=\"background-image: url(https:\/\/cedar.com.ar\/portugues\/wp-content\/uploads\/2016\/12\/complementos_head.jpg);\" data-img-width=\"2048\" data-img-height=\"1536\"><\/div><div class=\"l-section-overlay\" style=\"background-color: rgba(0,0,0,0.55)\"><\/div><div class=\"l-section-h i-cf\"><div class=\"g-cols offset_small\"><div class=\"vc_col-sm-3 wpb_column\"><div class=\"vc_column-inner\"><div class=\"w-separator type_invisible size_huge thick_1 style_solid color_border cont_none\"><span class=\"w-separator-h\"><\/span><\/div><\/div><\/div><div class=\"vc_col-sm-6 wpb_column\"><div class=\"vc_column-inner\">[vc_empty_space][vc_custom_heading text=\u00bbCOMPLEMENTOS\u00bb font_container=\u00bbtag:h2|font_size:50|text_align:center|color:%23ffffff\u00bb google_fonts=\u00bbfont_family:Open%20Sans%20Condensed%3A300%2C300italic%2C700|font_style:300%20light%20regular%3A300%3Anormal\u00bb css=\u00bb.vc_custom_1481003232020{margin-right: 50px !important;margin-left: 50px !important;border-right-width: 10px !important;border-left-width: 10px !important;background-color: rgba(26,97,166,0.65) !important;*background-color: rgb(26,97,166) !important;}\u00bb][vc_empty_space]<\/div><\/div><div class=\"vc_col-sm-3 wpb_column\"><div class=\"vc_column-inner\"><\/div><\/div><\/div><\/div><\/section><!-- Row Backgrounds --><div class=\"upb_bg_img\" data-ultimate-bg=\"url(https:\/\/cedar.com.ar\/portugues\/wp-content\/uploads\/2016\/10\/slide_productos-1.png)\" data-image-id=\"id^114|url^https:\/\/cedar.com.ar\/prueba\/wp-content\/uploads\/2016\/10\/slide_productos-1.png|caption^null|alt^null|title^slide_productos-1|description^null\" data-ultimate-bg-style=\"vcpb-vz-jquery\" data-bg-img-repeat=\"no-repeat\" data-bg-img-size=\"cover\" data-bg-img-position=\"\" data-parallx_sense=\"30\" data-bg-override=\"full\" data-bg_img_attach=\"scroll\" data-upb-overlay-color=\"\" data-upb-bg-animation=\"\" data-fadeout=\"\" data-bg-animation=\"left-animation\" data-bg-animation-type=\"h\" data-animation-repeat=\"repeat\" data-fadeout-percentage=\"30\" data-parallax-content=\"\" data-parallax-content-sense=\"30\" data-row-effect-mobile-disable=\"true\" data-img-parallax-mobile-disable=\"false\" data-rtl=\"false\"  data-custom-vc-row=\"\"  data-vc=\"4.12\"  data-is_old_vc=\"\"  data-theme-support=\"\"   data-overlay=\"false\" data-overlay-color=\"\" data-overlay-pattern=\"\" data-overlay-pattern-opacity=\"\" data-overlay-pattern-size=\"\"    ><\/div><section class=\"l-section wpb_row height_medium\"><div class=\"l-section-h i-cf\"><div class=\"g-cols offset_medium\"><div class=\"vc_col-sm-4 wpb_column\"><div class=\"vc_column-inner\"><div class=\"smile_icon_list_wrap ult-adjust-bottom-margin  \"><ul class=\"smile_icon_list left hexagon\"><li class=\"icon_list_item\" style=\" font-size:48px;\"><div class=\"icon_list_icon\" data-animation=\"\" data-animation-delay=\"03\" style=\"font-size:16px;background:#1a61a6;color:#ffffff;border-color:#1a61a6;\"><i class=\"Defaults-check\" ><\/i><\/div><div class=\"icon_description\" id=\"Info-list-wrap-5022\"><div class=\"icon_description_text ult-responsive\"  data-ultimate-target='#Info-list-wrap-5022 .icon_description_text'  data-responsive-json-new='{\"font-size\":\"desktop:20px;\",\"line-height\":\"desktop:18px;\"}'  style=\"font-family:'Roboto Condensed';\"><p style=\"text-align: justify;\">Plantas Chave na M\u00e3o<\/p>\n<\/div><\/div><div class=\"icon_list_connector\"  style=\"border-color:#ffffff;\"><\/div><\/li><li class=\"icon_list_item\" style=\" font-size:48px;\"><div class=\"icon_list_icon\" data-animation=\"\" data-animation-delay=\"03\" style=\"font-size:16px;background:#1a61a6;color:#ffffff;border-color:#1a61a6;\"><i class=\"Defaults-info\" ><\/i><\/div><div class=\"icon_description\" id=\"Info-list-wrap-4903\"><div class=\"icon_description_text ult-responsive\"  data-ultimate-target='#Info-list-wrap-4903 .icon_description_text'  data-responsive-json-new='{\"font-size\":\"desktop:20px;\",\"line-height\":\"desktop:18px;\"}'  style=\"font-family:'Roboto Condensed';\"><p style=\"text-align: justify;\">Fornalha para queima de biomassa.<\/p>\n<\/div><\/div><div class=\"icon_list_connector\"  style=\"border-color:#ffffff;\"><\/div><\/li><li class=\"icon_list_item\" style=\" font-size:48px;\"><div class=\"icon_list_icon\" data-animation=\"\" data-animation-delay=\"03\" style=\"font-size:16px;background:#1a61a6;color:#ffffff;border-color:#1a61a6;\"><i class=\"Defaults-refresh\" ><\/i><\/div><div class=\"icon_description\" id=\"Info-list-wrap-6873\"><div class=\"icon_description_text ult-responsive\"  data-ultimate-target='#Info-list-wrap-6873 .icon_description_text'  data-responsive-json-new='{\"font-size\":\"desktop:20px;\",\"line-height\":\"desktop:18px;\"}'  style=\"font-family:'Roboto Condensed';\"><p style=\"text-align: justify;\">Funcionamento e treinamento dos funcion\u00e1rios na f\u00e1brica.<\/p>\n<\/div><\/div><div class=\"icon_list_connector\"  style=\"border-color:#ffffff;\"><\/div><\/li><li class=\"icon_list_item\" style=\" font-size:48px;\"><div class=\"icon_list_icon\" data-animation=\"\" data-animation-delay=\"03\" style=\"font-size:16px;background:#1a61a6;color:#ffffff;border-color:#1a61a6;\"><i class=\"Defaults-cog gear\" ><\/i><\/div><div class=\"icon_description\" id=\"Info-list-wrap-2349\"><div class=\"icon_description_text ult-responsive\"  data-ultimate-target='#Info-list-wrap-2349 .icon_description_text'  data-responsive-json-new='{\"font-size\":\"desktop:20px;\",\"line-height\":\"desktop:18px;\"}'  style=\"font-family:'Roboto Condensed';\"><p style=\"text-align: justify;\">Venda de artigos de reposi\u00e7\u00e3o com entrega imediata.<\/p>\n<\/div><\/div><div class=\"icon_list_connector\"  style=\"border-color:#ffffff;\"><\/div><\/li><li class=\"icon_list_item\" style=\" font-size:48px;\"><div class=\"icon_list_icon\" data-animation=\"\" data-animation-delay=\"03\" style=\"font-size:16px;background:#1a61a6;color:#ffffff;border-color:#1a61a6;\"><i class=\"Defaults-refresh\" ><\/i><\/div><div class=\"icon_description\" id=\"Info-list-wrap-4991\"><div class=\"icon_description_text ult-responsive\"  data-ultimate-target='#Info-list-wrap-4991 .icon_description_text'  data-responsive-json-new='{\"font-size\":\"desktop:20px;\",\"line-height\":\"desktop:18px;\"}'  style=\"font-family:'Roboto Condensed';\"><p style=\"text-align: justify;\">Trocadores de calor.<\/p>\n<\/div><\/div><div class=\"icon_list_connector\"  style=\"border-color:#ffffff;\"><\/div><\/li><\/ul><\/div><\/div><\/div><div class=\"vc_col-sm-4 wpb_column\"><div class=\"vc_column-inner\"><div class=\"smile_icon_list_wrap ult-adjust-bottom-margin  \"><ul class=\"smile_icon_list left hexagon\"><li class=\"icon_list_item\" style=\" font-size:54px;\"><div class=\"icon_list_icon\" data-animation=\"\" data-animation-delay=\"03\" style=\"font-size:18px;background:#1a61a6;color:#ffffff;border-color:#1a61a6;\"><i class=\"Defaults-cubes\" ><\/i><\/div><div class=\"icon_description\" id=\"Info-list-wrap-1338\"><div class=\"icon_description_text ult-responsive\"  data-ultimate-target='#Info-list-wrap-1338 .icon_description_text'  data-responsive-json-new='{\"font-size\":\"desktop:20px;\",\"line-height\":\"desktop:18px;\"}'  style=\"font-family:'Roboto Condensed';\"><p style=\"text-align: justify;\">Design de plantas de aprovisionamento.<\/p>\n<\/div><\/div><div class=\"icon_list_connector\"  style=\"border-color:#ffffff;\"><\/div><\/li><li class=\"icon_list_item\" style=\" font-size:54px;\"><div class=\"icon_list_icon\" data-animation=\"\" data-animation-delay=\"03\" style=\"font-size:18px;background:#1a61a6;color:#ffffff;border-color:#1a61a6;\"><i class=\"Defaults-rocket\" ><\/i><\/div><div class=\"icon_description\" id=\"Info-list-wrap-9814\"><div class=\"icon_description_text ult-responsive\"  data-ultimate-target='#Info-list-wrap-9814 .icon_description_text'  data-responsive-json-new='{\"font-size\":\"desktop:20px;\",\"line-height\":\"desktop:18px;\"}'  style=\"font-family:'Roboto Condensed';\"><p>Desenvolvimento de projetos para a p\u00f3s-colheita de gr\u00e3os.<\/p>\n<\/div><\/div><div class=\"icon_list_connector\"  style=\"border-color:#ffffff;\"><\/div><\/li><li class=\"icon_list_item\" style=\" font-size:54px;\"><div class=\"icon_list_icon\" data-animation=\"\" data-animation-delay=\"03\" style=\"font-size:18px;background:#1a61a6;color:#ffffff;border-color:#1a61a6;\"><i class=\"Defaults-group users\" ><\/i><\/div><div class=\"icon_description\" id=\"Info-list-wrap-5919\"><div class=\"icon_description_text ult-responsive\"  data-ultimate-target='#Info-list-wrap-5919 .icon_description_text'  data-responsive-json-new='{\"font-size\":\"desktop:20px;\",\"line-height\":\"desktop:18px;\"}'  style=\"font-family:'Roboto Condensed';\"><p style=\"text-align: justify;\">Venda e coloca\u00e7\u00e3o das Peneiras em Limpadoras Oscilantes.<\/p>\n<\/div><\/div><div class=\"icon_list_connector\"  style=\"border-color:#ffffff;\"><\/div><\/li><li class=\"icon_list_item\" style=\" font-size:54px;\"><div class=\"icon_list_icon\" data-animation=\"\" data-animation-delay=\"03\" style=\"font-size:18px;background:#1a61a6;color:#ffffff;border-color:#1a61a6;\"><i class=\"Defaults-power-off\" ><\/i><\/div><div class=\"icon_description\" id=\"Info-list-wrap-2049\"><div class=\"icon_description_text ult-responsive\"  data-ultimate-target='#Info-list-wrap-2049 .icon_description_text'  data-responsive-json-new='{\"font-size\":\"desktop:20px;\",\"line-height\":\"desktop:18px;\"}'  style=\"font-family:'Roboto Condensed';\"><p style=\"text-align: justify;\">Reformas de frente das Secadoras e coloca\u00e7\u00e3o de separadores cicl\u00f4nicos de impurezas e silenciadores com cotovelo.<\/p>\n<\/div><\/div><div class=\"icon_list_connector\"  style=\"border-color:#ffffff;\"><\/div><\/li><\/ul><\/div><\/div><\/div><div class=\"vc_col-sm-4 wpb_column\"><div class=\"vc_column-inner\"><div class=\"smile_icon_list_wrap ult-adjust-bottom-margin  \"><ul class=\"smile_icon_list left hexagon\"><li class=\"icon_list_item\" style=\" font-size:54px;\"><div class=\"icon_list_icon\" data-animation=\"\" data-animation-delay=\"03\" style=\"font-size:18px;background:#1a61a6;color:#ffffff;border-color:#1a61a6;\"><i class=\"Defaults-wrench\" ><\/i><\/div><div class=\"icon_description\" id=\"Info-list-wrap-4832\"><div class=\"icon_description_text ult-responsive\"  data-ultimate-target='#Info-list-wrap-4832 .icon_description_text'  data-responsive-json-new='{\"font-size\":\"desktop:20px;\",\"line-height\":\"desktop:18px;\"}'  style=\"font-family:'Roboto Condensed';\"><p style=\"text-align: justify;\">Servi\u00e7o T\u00e9cnico especializado<\/p>\n<\/div><\/div><div class=\"icon_list_connector\"  style=\"border-color:#ffffff;\"><\/div><\/li><li class=\"icon_list_item\" style=\" font-size:54px;\"><div class=\"icon_list_icon\" data-animation=\"\" data-animation-delay=\"03\" style=\"font-size:18px;background:#1a61a6;color:#ffffff;border-color:#1a61a6;\"><i class=\"Defaults-clock-o\" ><\/i><\/div><div class=\"icon_description\" id=\"Info-list-wrap-9232\"><div class=\"icon_description_text ult-responsive\"  data-ultimate-target='#Info-list-wrap-9232 .icon_description_text'  data-responsive-json-new='{\"font-size\":\"desktop:20px;\",\"line-height\":\"desktop:18px;\"}'  style=\"font-family:'Roboto Condensed';\"><p>Agilidade e resposta imediata no servi\u00e7o p\u00f3s-venda.<\/p>\n<\/div><\/div><div class=\"icon_list_connector\"  style=\"border-color:#ffffff;\"><\/div><\/li><li class=\"icon_list_item\" style=\" font-size:54px;\"><div class=\"icon_list_icon\" data-animation=\"\" data-animation-delay=\"03\" style=\"font-size:18px;background:#1a61a6;color:#ffffff;border-color:#1a61a6;\"><i class=\"Defaults-briefcase\" ><\/i><\/div><div class=\"icon_description\" id=\"Info-list-wrap-6907\"><div class=\"icon_description_text ult-responsive\"  data-ultimate-target='#Info-list-wrap-6907 .icon_description_text'  data-responsive-json-new='{\"font-size\":\"desktop:20px;\",\"line-height\":\"desktop:18px;\"}'  style=\"font-family:'Roboto Condensed';\"><p style=\"text-align: justify;\">Repara\u00e7\u00e3o de Secadoras de Colunas, Cavaletes e Fluxos cruzados.<\/p>\n<\/div><\/div><div class=\"icon_list_connector\"  style=\"border-color:#ffffff;\"><\/div><\/li><li class=\"icon_list_item\" style=\" font-size:54px;\"><div class=\"icon_list_icon\" data-animation=\"\" data-animation-delay=\"03\" style=\"font-size:18px;background:#1a61a6;color:#ffffff;border-color:#1a61a6;\"><i class=\"Defaults-fire\" ><\/i><\/div><div class=\"icon_description\" id=\"Info-list-wrap-9345\"><div class=\"icon_description_text ult-responsive\"  data-ultimate-target='#Info-list-wrap-9345 .icon_description_text'  data-responsive-json-new='{\"font-size\":\"desktop:20px;\",\"line-height\":\"desktop:18px;\"}'  style=\"font-family:'Roboto Condensed';\"><p style=\"text-align: justify;\">Reforma e coloca\u00e7\u00e3o de fornalhas a g\u00e1s e\/ou diesel, segundo a necessidade do cliente.<\/p>\n<\/div><\/div><div class=\"icon_list_connector\"  style=\"border-color:#ffffff;\"><\/div><\/li><\/ul><\/div><\/div><\/div><\/div><\/div><\/section>\n","protected":false},"excerpt":{"rendered":"[vc_empty_space][vc_custom_heading text=\"COMPLEMENTOS\" font_container=\"tag:h2|font_size:50|text_align:center|color:%23ffffff\" google_fonts=\"font_family:Open%20Sans%20Condensed%3A300%2C300italic%2C700|font_style:300%20light%20regular%3A300%3Anormal\" css=\".vc_custom_1481003232020{margin-right: 50px !important;margin-left: 50px !important;border-right-width: 10px !important;border-left-width: 10px !important;background-color: rgba(26,97,166,0.65) !important;*background-color: rgb(26,97,166) !important;}\"][vc_empty_space]Plantas Chave na M\u00e3o Fornalha para queima de biomassa. Funcionamento e treinamento dos funcion\u00e1rios na f\u00e1brica. Venda de artigos de reposi\u00e7\u00e3o com entrega imediata. Trocadores de calor. Design de plantas de aprovisionamento. Desenvolvimento de projetos para a p\u00f3s-colheita de...","protected":false},"author":2,"featured_media":0,"parent":0,"menu_order":0,"comment_status":"closed","ping_status":"closed","template":"","meta":{"footnotes":""},"class_list":["post-182","page","type-page","status-publish","hentry"],"_links":{"self":[{"href":"https:\/\/cedar.com.ar\/portugues\/wp-json\/wp\/v2\/pages\/182","targetHints":{"allow":["GET"]}}],"collection":[{"href":"https:\/\/cedar.com.ar\/portugues\/wp-json\/wp\/v2\/pages"}],"about":[{"href":"https:\/\/cedar.com.ar\/portugues\/wp-json\/wp\/v2\/types\/page"}],"author":[{"embeddable":true,"href":"https:\/\/cedar.com.ar\/portugues\/wp-json\/wp\/v2\/users\/2"}],"replies":[{"embeddable":true,"href":"https:\/\/cedar.com.ar\/portugues\/wp-json\/wp\/v2\/comments?post=182"}],"version-history":[{"count":2,"href":"https:\/\/cedar.com.ar\/portugues\/wp-json\/wp\/v2\/pages\/182\/revisions"}],"predecessor-version":[{"id":5010,"href":"https:\/\/cedar.com.ar\/portugues\/wp-json\/wp\/v2\/pages\/182\/revisions\/5010"}],"wp:attachment":[{"href":"https:\/\/cedar.com.ar\/portugues\/wp-json\/wp\/v2\/media?parent=182"}],"curies":[{"name":"wp","href":"https:\/\/api.w.org\/{rel}","templated":true}]}}